What is the hundreds digit of t(b)?
6
Suppose 38*q = 42*q + 168. What is the tens digit of ((-7)/q*-9)/((-2)/612)?
5
Let z = -70 - -68. Let k be (-552)/(-4)*(-1)/z. Suppose -2*a + 157 = -k. What is the tens digit of a?
1
Let g(f) = -5*f + 846. Let n be g(0). Suppose 11*u = n + 243. Suppose -5*p + u = -46. What is the units digit of p?
9
Let w be (-1)/((17/(-68))/((-1)/(-4))). What is the hundreds digit of w/((-20)/(-8)) + 7224/15?
4
Let w(j) = -446 + 29*j + 149 + 25*j**2 + 119. What is the units digit of w(7)?
0
Suppose 1609404 = -245*m + 331*m. What is the hundreds digit of m?
7
Suppose -22*t = -b - 24*t + 5, 34 = 5*b + t. Suppose -b*f = 1389 - 8690. What is the tens digit of f?
4
What is the thousands digit of -9 + 1 + 2357 + -6?
2
Suppose -4022 = 33*l - 6365. Suppose -2*j + 262 = 2*v, -4*j + 527 = 4*v - j. Let n = v - l. What is the units digit of n?
3
Suppose 26*g = 55388 - 9238. What is the hundreds digit of g?
7
Let r(k) = 7*k**2 - 10. Suppose x - 4 = -x + 4*c, x + 18 = -3*c. Let y be (x/(-5))/(2 + (-69)/30). What is the hundreds digit of r(y)?
1
Suppose r + 16 = u, 3*r + 2*u = 2*r - 4. Let h(z) = -2*z**2 - 35 + 68*z - 60*z + 3*z**2. What is the tens digit of h(r)?
1
Let l be (-4)/3*(-45)/12. Suppose 4*m - 23 - 23 = -3*y, l*m = y - 9. What is the units digit of y?
4
What is the thousands digit of 1803585/84 - 3*3/(-12)?
1
Suppose -3*k = -u - 340, -5*k - 5*u = -909 + 329. Let x = -1713 + 1723. Let n = k + x. What is the hundreds digit of n?
1
Suppose 4*n = -2*i - n + 3117, 4708 = 3*i + n. Let j = i - 606. What is the hundreds digit of j?
9
Suppose -h = -3*f - 4273, 12*h - 15*h + 12791 = -5*f. What is the thousands digit of h?
4
Let o = -594 + 1477. Let s = o - 509. Suppose 0 = 3*x - x - s. What is the tens digit of x?
8
Let w be -2123 - (-3)/(3/(-1)). What is the units digit of (w/(-16))/(33/220)?
5
Let i(y) = -174*y**3 - y**2 + y + 2. Suppose 6*x + 6 = -0*x. Let z be i(x). Suppose -z = -2*j - j + o, 0 = 2*o. What is the units digit of j?
8
Let i(j) = -j**2 - 3*j + 7. Let f be i(5). Let w = -35 + -136. Let y = f - w. What is the units digit of y?
8
Let s(p) = -11*p + 670. What is the hundreds digit of s(44)?
1
Suppose 24*i + 23643 = 72123. What is the hundreds digit of i?
0
Suppose -3 = -m, -1330 - 1940 = -2*y + 4*m. Let w = -728 + y. What is the hundreds digit of w?
9
Suppose 5*n - 5*r - 5040 = 15165, -5*n - 3*r = -20221. What is the tens digit of n?
4
Let u(y) = -6*y - 52. Let x = 43 - 54. Let h be u(x). Suppose -11*o = -h*o + 696. What is the units digit of o?
2
Let a(q) = 19*q - 4*q + 45 + 44 - 16. What is the hundreds digit of a(10)?
2
Let w = -22503 + 39300. What is the tens digit of w?
9
Suppose -5*f - x - 15973 = -10*f, 2*f - 2*x = 6394. Suppose 2*p + f = 5*n, -n + 4*p - 53 + 699 = 0. What is the hundreds digit of n?
6
Suppose -21*l + 2*l + 61256 = 0. What is the thousands digit of l?
3
Suppose 3*o + 78 - 468 = 0. Let y = -33 + o. Let v = y - 68. What is the tens digit of v?
2
Suppose 48*s - 55*s = 4123. Let k = s + 1359. What is the units digit of k?
0
Let x(y) = y**3 + 3*y**2 - 4*y - 33. Let r = 364 + -353. What is the units digit of x(r)?
7
Suppose 5*j = -839 + 859. Suppose j*h + 5*l - 5868 = 0, 2*h - 1927 = 2*l + 1025. What is the units digit of h?
2
Suppose -10*x - 6538 = 9*x - 66046. What is the tens digit of x?
3
Let w be -9*(-4)/12*(-497)/(-21). Let z = 414 + w. What is the units digit of z?
5
Suppose -21*c - 3*c - 7*c + 332010 = 0. What is the thousands digit of c?
0
Let j(d) = -d**2 + 12*d + 1. Let k be j(12). Let q be (-4)/12 - k/(-3). Suppose -a = -v - 65, 0 = 4*a - q*a - 5*v - 255. What is the tens digit of a?
7
Let g(f) = 9*f**2 - 39*f - 746. What is the units digit of g(-24)?
4
Let o = 221 - 156. Suppose 0 = 3*y + 5*w + o - 488, -282 = -2*y + 5*w. What is the hundreds digit of y?
1
Let w(i) = -2004*i + 843. What is the ten thousands digit of w(-10)?
2
Let h be (-5692)/2 + -17 + 16. What is the hundreds digit of h/(-26) - 4/(-8)?
1
Let z(r) = 16*r**3 - 12*r**2 + 98*r - 36. What is the tens digit of z(8)?
7
Let u(r) = -117*r + 2. Suppose -6*d = 16 - 4. What is the tens digit of u(d)?
3
What is the units digit of (((-80)/(-6))/(-5) + 2)*-10383?
2
Let w(h) = -h**2 + 5*h + 2. Suppose 20*y - 21 = 17*y. Let l be w(y). What is the tens digit of 994/6 + -2 + (-28)/l?
6
Suppose -9*c = 90 - 207. Suppose 0*i + c*i - 1469 = 0. What is the hundreds digit of i?
1
Let n = 79 + -80. Let b(v) = -13*v**3 - 3*v**2 + 1. Let i be b(n). Suppose 3*f - i = 4, 437 = 2*x + f. What is the units digit of x?
6
Let x = 10552 + -7248. What is the thousands digit of x?
3
Let h(q) = q + 6. Let b be h(2). Suppose b*g = 19 + 13. Suppose 5*c - 539 = -g*w, -6*c = -7*c + w + 115. What is the units digit of c?
1
Let w be (-183)/(2/(2/1)). Let r be ((-2)/(-15))/((-7)/70) - (-2150)/6. Let k = w + r. What is the units digit of k?
4
Let i = -36299 + 42646. What is the tens digit of i?
4
Let c = 12578 - 11770. What is the hundreds digit of c?
8
Suppose -85*m + 79*m = -12. What is the hundreds digit of (1 + (3 - m - 415))*-1?
4
Suppose -12469 = 12*n - 17*n + 4*n. What is the ten thousands digit of n?
1
Suppose 302*i = 83*i - 159*i + 10131534. What is the thousands digit of i?
6
Let c(i) = -i**2 - 7*i - 2. Let b be c(-6). Let d be 29612/33 - b/3. Suppose 2*u = -6*u + d. What is the units digit of u?
2
Let a(j) = 39*j**2 - 2*j + 3. Suppose o = 2*i + 10, 2*i = 4*o - 0*o - 16. What is the units digit of a(o)?
5
Suppose -5*n = -5*t - 0*t + 35, 2*n = -2*t - 2. Let p be (-6)/(-9) + (-38)/t. Let s = p + 59. What is the tens digit of s?
4
Let p(f) = 90*f - 3. Let k be p(-1). Let y be (-1)/(2 - (-2 - k/24)). What is the units digit of 2/y + 666/8?
3
Suppose 30*u - 1991 = 29*u + 4*x, 1989 = u - 5*x. Suppose -4*d + u = 83. What is the units digit of d?
9
Suppose 0 = -2*f - f + 21. What is the hundreds digit of (1 - 2) + (-42)/f + 990?
9
Suppose 0 = n + 2*h, -3*h + 9 = -n - 11. Let y be 28/n - -5 - 2/(-4). What is the units digit of 8/y - 14/(-7)?
6
Suppose -2*f + 5 = -j, 4*f = -4*j + 2*j - 10. Let w(c) = 2 + 306*c**3 + f - 307*c**3 + 4*c + 3*c**2. What is the tens digit of w(-3)?
4
Let n(c) = 7*c + 22. Suppose -3*s + 10*s = 0. Suppose -4*t = -2*d - 0*t + 38, s = t + 1. What is the hundreds digit of n(d)?
1
Let c = -79 - -347. What is the hundreds digit of ((342/4)/(-19))/((-2)/c)?
6
Let b(h) = 251*h**2 - 250*h - 2568. What is the tens digit of b(-10)?
3
What is the thousands digit of (-75)/10*5242/(-5) - (-8 + 10)?
7
Suppose 19*m - 59 - 17 = 0. What is the tens digit of (m + 190)*(4 - 2)?
8
Let s(w) = w**3 + 28*w**2 - 23*w - 10. Let p(g) = -2*g**3 - 28*g**2 + 25*g + 9. Let t(x) = 3*p(x) + 4*s(x). What is the hundreds digit of t(13)?
1
Let x = -213 - -214. What is the hundreds digit of (x + 2)*(-2 - (6 - 100))?
2
Suppose 4*b - 2634 = -3*x, 726 = 2*x + b - 1025. Let l = -615 + x. What is the hundreds digit of l?
2
Suppose -288*p + 2*y + 3335 = -287*p, 4 = -4*y. What is the thousands digit of p?
3
Let z be 3/(-1) + (-6)/2. Let a be z/27 + 0 + (-36780)/(-27). What is the units digit of a/42 - (-3)/(-7)?
2
Suppose -24624 = -32*j + 27440. What is the hundreds digit of j?
6
Let l be -4*2*6/(-12). What is the units digit of (7 + (2 - -3))*114/l?
2
Suppose -4*v - 3*l = 2*l - 404, 0 = 2*v + 4*l - 196. Let w = 214 - v. What is the units digit of w?
8
Let f(i) = i**2 + 10*i + 7. Let l be f(-10). Suppose 2*a - 31 = -5*s, -4*a + 2*a + 34 = 2*s. Suppose a*m - 11*m - l = 0. What is the units digit of m?
1
Let u(k) = 4 + k**3 - 155*k - 10 + 8*k**2 + 145*k. Let h be u(-9). Suppose 2*r - 293 = a, -h*r - a - 3*a = -412. What is the units digit of r?
4
Suppose 25*x - 15*x = 13200. What is the units digit of (x/14)/(33/231)?
0
Suppose 0 = 5*h - d - 50875, 5*d - 40671 = -11*h + 7*h. What is the units digit of h?
4
Suppose 26*z - 30615 - 15509 = 0. What is the thousands digit of z?
1
Let t(u) = 195*u**3 + 2*u**2 + u - 6. Let a be t(3). Suppose -24*z + 20*z - a = 0. What is the tens digit of (-4)/7 + z/(-105)?
1
Let t be (-18)/(-4)*(-16)/(-12). Let p = -183 - -267. Suppose 4*r + p = t*r. What is the units digit of r?
2
Suppose 69*u - 24*u = 22*u + 134481. What is the thousands digit of u?
5
Suppose 16*v - 3*z - 1118 = 9*v, -5*v - 4*z + 774 = 0. What is the tens digit of v?
5
Let h(i) = 489*i*